and u?
2
Suppose -26 = -5*t - 0*t + h, t = -5*h + 26. Let b = t + -4. Calculate the highest common divisor of b and 3.
1
Suppose -2*y + 5*y = 3*n - 21, 5*n + 4*y = -10. Suppose -14 = -5*c - n*q, 3*c = 2*q - 9 + 27. Calculate the greatest common factor of 4 and c.
4
Suppose -z - 2*w - 3*w - 13 = 0, 13 = 2*z - 3*w. What is the greatest common divisor of z and 5?
1
Suppose 2*t = -3*j - 2 + 6, -4*t + 10 = 5*j. Let l = 21 - 14. Suppose -k + 27 = l. Calculate the greatest common divisor of k and t.
5
Suppose -u + 2 + 6 = 0. Calculate the greatest common divisor of 32 and u.
8
Suppose 7*q = 3*q + 36. What is the highest common factor of q and 9?
9
Let b be 8/(-10)*(-10)/4. Suppose -3*k + 35 = -b*p + 3*p, 5*p + 17 = k. Calculate the greatest common divisor of 24 and k.
12
Suppose 4*d + 4*y = 8, -4*y = -3*d - 5*y + 16. What is the greatest common divisor of 35 and d?
7
Let g = 13 - -2. Let o be (3/2 - 2)*0. Suppose o = 3*k - 2*k + 3*h - 72, 5*k = -3*h + 312. Calculate the greatest common factor of g and k.
15
Let o be (-4)/(-16) - 87/(-4) - 2. Calculate the greatest common factor of 8 and o.
4
Let w(i) = i**3 + 8*i**2 - 10*i - 1. Let z be w(-9). Calculate the highest common factor of 72 and z.
8
Let h be (-88)/(-5) + (-8)/(-20). Calculate the greatest common factor of 6 and h.
6
Suppose -3*c - 4*y + 0*y - 59 = 0, -2*c - 3*y - 41 = 0. Let g be 4/(-8) - c/2. What is the greatest common divisor of g and 2?
2
Let m be 2 - ((-9)/(-3))/(-3). Suppose -m*s = -s. Let i be 1 - (s + -7)*1. Calculate the highest common divisor of i and 40.
8
Let q = -8 - -16. Calculate the greatest common factor of q and 88.
8
Let m(v) = v**3 - v. Let a be m(-1). Suppose 5*n + 5*w - 150 = 0, 3*n - 46 = -5*w + 40. Let z = n - a. Calculate the greatest common factor of z and 48.
16
Let w(r) = r + 1. Let c(o) = o. Let q(a) = c(a) + 6*w(a). Let x be q(3). Calculate the greatest common divisor of 9 and x.
9
Let y(p) = -4*p**3 - 3*p**2 - 3*p + 5. Let r be y(-4). What is the greatest common factor of r and 25?
25
Suppose -5*a = 3*f - 3*a - 11, f + 11 = 3*a. What is the highest common divisor of f and 1?
1
Let c(a) = -a**3 - 5*a**2 + 6*a + 3. Let w be c(-6). Suppose w*l = 9, 4*l = -4*y + 157 + 527. Calculate the greatest common divisor of 21 and y.
21
Let h(q) = -3*q**3 - q**2 + 2*q. Let a be h(-2). Let d = a - 7. Suppose 2*c - 8 = 3*s, -4*c = -d*c - s + 3. What is the greatest common factor of 9 and c?
1
Let s(m) = m + 43. Let g be s(11). Calculate the greatest common divisor of g and 36.
18
Let f(t) = 3*t**2 - 13*t + 4. Let u be f(5). Calculate the highest common factor of 14 and u.
14
Suppose -s + 0*s + 25 = 0. Suppose 17*j - 18*j + 125 = 0. What is the highest common divisor of s and j?
25
Suppose 0 = -h - 9*h + 80. What is the highest common divisor of 40 and h?
8
Let d = -55 - -91. What is the highest common factor of 90 and d?
18
Let m = -1 + -5. Let s(c) = c**2 + 6*c + 5. Let y be s(m). Let b be y/((-10)/(-4))*49. What is the highest common divisor of b and 14?
14
Let l be (-12)/(-30) - (-538)/5. Suppose -1 = 2*y - 3. Let x be (2*-6)/(0 - y). What is the highest common divisor of l and x?
12
Suppose 3*f - 82 = -5*t, -2*t + 5*t - 5*f = 22. Let d = -61 + 158. Let i be (-2 - (-1 + d))*-1. What is the greatest common divisor of t and i?
14
Let i(p) = -3*p - 7 + 0*p**2 + p**2 + 5*p + p. Let d be i(-5). What is the highest common divisor of 2 and d?
1
Let l be 2*6/20*5. Suppose -2*w - 5 - 3 = -2*r, 5*r + l*w = 52. What is the highest common divisor of 20 and r?
4
Suppose -6*p = 84 - 234. Suppose -5*a - p = -10*a. Let s(y) = -y**3 + 20. Let b be s(0). What is the highest common factor of a and b?
5
Suppose 31 = i - 54. Calculate the highest common divisor of 34 and i.
17
Suppose -4*a - 208 = -3*l, 0 = l - 2*l - 5*a + 101. What is the greatest common divisor of 19 and l?
19
Suppose -6*u + 2*u + 5*o = 40, 0 = 5*o - 20. Suppose 2*h = -2*h + 320. Let w = h + u. What is the highest common divisor of 30 and w?
15
Let c = 85 + -41. Let o = 22 + c. Let v be (-2 + 4)/2 + 5. What is the highest common divisor of v and o?
6
Let r be (-679)/(-14) - (-2)/(-4). Suppose -4*l + 44 = 4*d, 2*l - 7*l + 65 = -5*d. Calculate the highest common divisor of r and l.
12
Suppose o - 23 = 3*x, 2*o - 5*x = -x + 48. What is the highest common divisor of 286 and o?
26
Let d(h) = -3*h - 8. Let w be d(-16). Calculate the highest common divisor of 5 and w.
5
Let t(u) = 5*u**2 - 3*u. Let y be t(2). Let c(v) = -v**2 - v - 32. Let n be c(0). Let i = n - -67. What is the greatest common divisor of y and i?
7
Let l(k) = k**3 + 2*k**2 + 2*k + 27. Let y be l(0). What is the highest common divisor of 72 and y?
9
Let v(z) = -z**2 - 6*z - 1. Let f be v(-3). Calculate the highest common divisor of f and 20.
4
Let g be (20/15)/((-6)/(-891)). Let f = 18 + 0. What is the greatest common factor of f and g?
18
Let b(s) be the first derivative of s**3/3 + s**2/2 - 3*s - 2. Let h be b(-3). Calculate the highest common factor of h and 9.
3
Suppose 0*u - 5*u - 3*c = 76, 3*u + 4*c = -39. Let k be 0 + (2/2 - u). Calculate the highest common factor of 18 and k.
18
Suppose 3*k + 24 = -2*c - 2*c, 3*c + k + 13 = 0. Let b(s) = s**2 + 4*s + 6. Let r be b(c). What is the highest common divisor of 12 and r?
3
Suppose 5 = 2*y + p - 0, 4*p = -3*y + 20. Let z be -1 - 1 - (y - -5). Let c = z - -14. Calculate the greatest common factor of 21 and c.
7
Let h = 15 - -13. Let v(a) = -40*a - 4. Let o be v(-5). What is the greatest common divisor of h and o?
28
Let m be (-20)/7*(-630)/36. Calculate the highest common divisor of 10 and m.
10
Let y = 7 + -3. Suppose 5*z = a + y, 3*a - 86 = -4*z - 3. Calculate the greatest common divisor of a and 14.
7
Let q be (66 - -1) + 6 + -5. Calculate the greatest common factor of 17 and q.
17
Suppose -11 = -3*u - 2. Calculate the greatest common factor of u and 24.
3
Suppose 0 = 4*j + t + 4*t - 17, -7 = -j - 4*t. Suppose j + 3 = q. What is the greatest common divisor of q and 42?
6
Suppose -3*m = 4*f + 364, f - 2*f = -5. Let v be (-2)/3 + m/6. Let b = 33 + v. What is the highest common divisor of 121 and b?
11
Suppose 0 = 3*d + 5*t + 80, 0*t - 4*t - 16 = 0. Let y = d + 35. Suppose 4*b - 2*a - 110 = -7*a, -3*b + 80 = 5*a. What is the highest common divisor of b and y?
15
Suppose 1 = u - 0. Let t be (30/(-24))/(u/(-4)). Calculate the highest common divisor of 20 and t.
5
Let d be ((-45)/18)/((-2)/24). What is the greatest common factor of 75 and d?
15
Let z(h) = 20*h + 3. Let l be z(6). Suppose -2*c + l = -117. Calculate the greatest common divisor of 15 and c.
15
Let v(x) = 21*x + 70. Let s be v(18). What is the greatest common factor of 64 and s?
64
Let b(s) = 2*s**2 + 8*s + 6. Let a be b(-6). Calculate the greatest common divisor of a and 10.
10
Let y be 1 - 4*(-14)/4. Let f(o) = -4*o - 14. Let b be f(-5). Calculate the highest common factor of b and y.
3
Let z(f) = 3*f - 11. Let v be z(4). Suppose -y + v = -7. What is the greatest common divisor of y and 8?
8
Let d = -12 + 21. Calculate the greatest common divisor of 9 and d.
9
Let l(p) = 2*p**3 - 4*p**2 + p + 4. Let f be l(2). What is the highest common factor of 30 and f?
6
Let i(t) = -t - 12. Let l be i(-11). Let j(m) = -11*m**3 - 2*m**2 - 2*m - 1. Let g be j(l). Calculate the greatest common divisor of g and 20.
10
Let m = -15 - -27. Calculate the greatest common factor of 84 and m.
12
Let b = 17 + -17. Let x be b + -2 + 1 + 169. What is the highest common divisor of x and 21?
21
Let h be 5*4/(-30)*-9. Let s(x) = -x**2 + 8*x + 1. Let o be s(h). Suppose 38 - 298 = -4*y. Calculate the greatest common divisor of o and y.
13
Let b(q) = -q**3 - 11*q**2 + 12*q + 1. Let c be b(-12). Let k = 7 - c. Let n be (3 - 4)*66*-1. Calculate the highest common divisor of n and k.
6
Let s(r) = 22*r. Let i be s(1). Suppose 5*q = 939 - 324. Suppose 2*c - 5*c + q = 4*o, -2*o + 60 = 2*c. What is the greatest common factor of o and i?
11
Suppose 23 - 5 = 3*g. Let y be (-60)/8*(-80)/g. Let w = -61 + y. Calculate the greatest common factor of w and 26.
13
Suppose 0 = -44*q + 48*q - 112. Calculate the highest common divisor of 84 and q.
28
Suppose 0 = 2*a + a + 3, 2*a = -2*j + 28. Suppose u + 2 = 2*w - w, -2*u = 4*w - 26. What is the highest common divisor of j and w?
5
Let h(s) = 2*s**2 